What is the remainder when f is divided by 66/4 + (-1)/2?
13
Let f be (58 - 1)/(3/2). Let l = -13 + f. Calculate the remainder when l is divided by 9.
7
Let w be 2 - ((-4)/(-2) + -2). Suppose 0 = -w*i + i + 25. What is the remainder when i is divided by 14?
11
Let o(z) = z**2 + z + 1. What is the remainder when o(-1) is divided by 1?
0
Suppose 4*h - 22 = 50. What is the remainder when h is divided by 20/((-9)/(27/(-6)))?
8
What is the remainder when 127 is divided by 24 + 4 - (-1 + 3)?
23
Suppose -4*n + 49 - 5 = 0. Calculate the remainder when n is divided by 4.
3
Let x = -27 + 39. Suppose s - 3*u = 37, -2*s = -2*u + 5*u - 29. What is the remainder when s is divided by x?
10
Let j(p) = -p + 3. Let v be j(0). What is the remainder when 5 is divided by ((-9)/(-12))/(v/8)?
1
Suppose 3*c - 87 = -3*z, 6*c + 81 = 4*z + 3*c. Suppose 3*h - 108 = -h. Suppose -2*r + h = 1. Calculate the remainder when z is divided by r.
11
Suppose 3*p + 0*h + 6 = 2*h, -3*p + 4*h = 0. Calculate the remainder when 6 is divided by ((-3)/p)/((-1)/(-4)).
0
Suppose -3*u = -15, -u + 5 = -5*t - 45. Let i = -7 - t. Let m(o) = -o - 1. What is the remainder when i is divided by m(-2)?
0
Let p(g) = g**3 - g**2 - g - 2. Suppose d = -1, -4*d - 3 = 4*o - 11. Let k be (-2)/(1 - 3)*o. What is the remainder when 38 is divided by p(k)?
12
Suppose 0 = -7*p + 11*p - 40. What is the remainder when 12 is divided by p?
2
Suppose 5*r + 3*z - 678 = -60, -2*z - 613 = -5*r. Calculate the remainder when r is divided by 9.
6
Let d(a) = -10*a**3 + 2*a**2 - a + 1. Let m be d(-2). Let w = m - 50. Let q(p) = -p**2 + 8*p + 2. What is the remainder when w is divided by q(6)?
13
Suppose 2*g + 2*g = -5*q + 173, 0 = 2*q - 2*g - 62. Calculate the remainder when q is divided by (-2)/((-2)/7)*1.
5
Let v be 2*(-12)/(-10)*5. Suppose -3*u = -6*u + v. Calculate the remainder when u is divided by (18/(-15)*5/1)/(-2).
1
Let m(o) = -o**3 - 3*o**2 + 3*o - 7. Let l be m(-4). Calculate the remainder when l + (-56)/(-2 - 2) is divided by 7.
4
Suppose -4*n + 0*r - r = -147, -2*n = 5*r - 87. Let s(d) = d**2 - d - 2. What is the remainder when n is divided by s(-3)?
6
Suppose 0 = -5*h + 5*i + 100, -3*h - 4*i = 2*h - 127. What is the remainder when 182 is divided by h?
21
Let u(y) = -y**2 + y + 12. Let v(q) = -q**3 + q. Let f be v(1). Calculate the remainder when u(f) is divided by 8/(-44) + 1106/154.
5
Let r = 35 - 23. Let s = r - -5. What is the remainder when s is divided by 9?
8
Suppose -3*t - 36 = -u - 2*u, -3*u + 18 = -t. Let s = t - -19. Let c = 0 + s. What is the remainder when 28 is divided by c?
8
Suppose 3*i = -0*i - 234. Let f = i + 131. Suppose -4*d - 12 = -84. What is the remainder when f is divided by d?
17
Let j be 4*((-3)/4 + 0). Let d(q) = -4 - 4*q - 3*q - 3*q - q. Calculate the remainder when d(j) is divided by 10.
9
Let q = 1 - 1. Let n(x) = -x**3 - x**2. Let p be n(q). Suppose 120 = 5*j - p. What is the remainder when 46 is divided by j?
22
Suppose -u + 0 = 25. Let h = u - -55. What is the remainder when h is divided by (-2)/9 + 146/9?
14
Suppose 4*q - 5*s - 35 = 0, -2*q = 3*s + s - 50. What is the remainder when q is divided by 4?
3
Let k = 0 + -5. Let m(c) = -7*c - 8. Let w be m(-2). Let v = k + w. What is the remainder when v is divided by 1?
0
Let a(f) = 5*f - 24. Let k = 57 - 25. Calculate the remainder when k is divided by a(7).
10
Let z = -70 + 193. Suppose -z = -3*a + 90. Suppose 49 = 3*f - a. What is the remainder when f is divided by 14?
12
Let z(d) = -d**2 - 4*d + 2. Let w be z(-4). Suppose 3*q - w*a - 69 = -0*q, 0 = 5*a. Calculate the remainder when 91 is divided by q.
22
Let f be (4/3)/(3/(-9)). Let z(t) = -t**2 - 9*t + 3. Calculate the remainder when 89 is divided by z(f).
20
Let f be (-3 + -1)/(2 - 3). Let t = 2 + f. Calculate the remainder when 53 is divided by 184/10 + t/(-15).
17
Let t = -182 - -261. Let g = 32 - 93. Let q = g + 88. Calculate the remainder when t is divided by q.
25
Let l = -151 + 184. What is the remainder when 164 is divided by l?
32
Let b = 8 + 240. What is the remainder when b is divided by 25?
23
Let g = 7 - 2. Calculate the remainder when (-3 - -2)*(-2 + -16) is divided by g.
3
Suppose -x + 3 = -2*b + 4*x, 5*x = -15. Let r(g) = -g - 4. What is the remainder when 9 is divided by r(b)?
4
Let a(y) = -y**2 + 14*y - 9. Let j be a(7). Suppose 80 = 4*b + 4*r, -2*r = -b - b + j. Calculate the remainder when 37 is divided by b.
17
Let n(b) = -b**3 - 2*b**2 + 9*b + 12. Calculate the remainder when n(-7) is divided by 14.
12
Let p(h) = -49*h**3 - h**2 - 2*h - 1. Suppose 4*i - i = -5*c + 59, -2*i - c + 30 = 0. What is the remainder when p(-1) is divided by i?
10
Suppose n - 5*n - 35 = -5*h, 5*h = 5*n + 40. What is the remainder when h is divided by 3?
0
Let n = -4 + 8. Let t = n - -4. What is the remainder when 30 is divided by t?
6
Suppose -w - 4*a = a + 6, w = -3*a - 12. Let l = 16 - w. Let h = -22 + l. Calculate the remainder when 44 is divided by h.
14
Let y = -43 + 61. What is the remainder when 35 is divided by y?
17
Let h = -323 - -474. Calculate the remainder when h is divided by 17.
15
Let h = -12 - -20. Let r = 109 + -78. Calculate the remainder when r is divided by h.
7
Let c = 50 - 19. Calculate the remainder when c is divided by 17.
14
Suppose 46 = 2*k - 6. Calculate the remainder when 101 is divided by k.
23
Let o = 5 + 2. Suppose 0 = -2*j - 5*s - 12 - 34, 0 = -3*s - 6. Let a = j - -21. What is the remainder when o is divided by a?
1
Suppose -3*u + r = -22, -4*u - 3*r = -2*u - 33. What is the remainder when (-6)/12*10*-5 is divided by u?
7
Suppose 4*b - 16 = -3*v - b, -3*v = -b - 22. Calculate the remainder when 20 is divided by v.
6
Suppose 2*q + 2*h = 30, -q - h + 10 = h. What is the remainder when 79 is divided by q?
19
Let d(j) = j**3 + 2*j**2 - 2*j - 3. Let f be d(-3). What is the remainder when 17 is divided by (-16)/(-3) + f/(-9)?
5
Suppose 106 = 2*s - 3*a, a + 0*a - 2 = 0. What is the remainder when s is divided by 30?
26
Let t = -14 + 33. Let q = t - 7. Calculate the remainder when 22 is divided by q.
10
Suppose -5*z + 15 = -5. What is the remainder when (-122)/(-8) - (-2)/(-8) is divided by z?
3
Let o = 0 + -4. Let h be ((-6)/o)/(4/8). Suppose -4*u + u = -h*f + 72, 3*u = 0. What is the remainder when f is divided by 13?
11
Suppose 3*l = 5*q + 295, 0 = 2*l - 0*l + 5*q - 205. Suppose i + 3*i - l = 0. Calculate the remainder when 46 is divided by i.
21
Suppose 24 = i - d, 5*i - 20 = 4*d + 99. What is the remainder when i is divided by 13?
10
Let t(i) = -i**2 - 4*i - 4. Let s(o) = -o**2 + o + 1. Let f(r) = -3*s(r) - t(r). Suppose 0 = -b - 5 + 13. Calculate the remainder when f(-2) is divided by b.
7
Let l(v) = -6*v**3 - 2*v**2 - v. Let b be l(-1). Let u = -2 + 16. Let c = u - b. Calculate the remainder when c is divided by 5.
4
Suppose -70 - 115 = -5*r. Suppose 5*w - 152 + r = 0. Calculate the remainder when 45 is divided by w.
22
Let p(f) = f**2 + 10*f + 2. Let a be p(-10). Suppose 0*t + 20 = a*t. What is the remainder when 19 is divided by t?
9
Let l(u) be the first derivative of -1/4*u**4 + 0*u**2 + 1/3*u**3 + 4*u + 4. Calculate the remainder when 10 is divided by l(0).
2
Let q = 13 + 12. Calculate the remainder when 72 is divided by q.
22
Suppose 8 = d - 0*d. Suppose -2*f + 0*f + d = 0, -l + 2*f + 6 = 0. Suppose -2*t = -2*b + 8, 5*b + 4*t - 32 = 6*t. What is the remainder when l is divided by b?
6
Let z(i) = i**2 - 8*i - 6. What is the remainder when 40 is divided by z(10)?
12
Suppose -3*y + y - 56 = 0. Let b = -19 - y. Calculate the remainder when 35 is divided by b.
8
Let v(k) = k**3 + 9*k**2 + 5*k + 2. Let p be v(-7). Suppose n = 2*n + 4*w - p, 0 = -2*n - 2*w + 112. What is the remainder when n is divided by 14?
11
Suppose -u + 9 = 5. Suppose -86 = -u*x + 38. Calculate the remainder when 92 is divided by x.
30
Suppose -3 = -3*x, 4*g + 0*x = 5*x + 91. What is the remainder when g is divided by 9?
6
Let y = 8 - 8. Suppose y = -2*r + r + 7. Calculate the remainder when (22 - 1) + -2*1 is divided by r.
5
Let s = 16 - 10. Suppose -2*d = 4*r - 10, 0*d - d + 3*r + 30 = 0. Calculate the remainder when d is divided by s.
3
Let v(z) = -z - 1. Let f be v(-3). Suppose -f*j + 3 - 1 = -m, 0 = -3*m - 2*j + 18. Suppose m*x = -x + 40. What is the remainder when 